14934. What is x(5)?
11
Let w(l) = -3917*l - 383825. Determine w(-98).
41
Let v(i) = -3806*i - 60921. Give v(-16).
-25
Let r(h) = -302*h + 110204. Calculate r(365).
-26
Let t(o) = 13*o - 1229. Give t(100).
71
Let x(l) = l**3 - 1683*l**2 - 485445*l - 2757. Determine x(-251).
4
Let i(s) = -11233*s + 100988. Give i(9).
-109
Let u(i) = -2*i**2 + 41*i + 2970. Determine u(-39).
-1671
Let c(a) = 3*a**3 - 67*a**2 - 56*a + 2949. What is c(21)?
9
Let i(v) = -565946*v + 1697863. What is i(3)?
25
Let l(t) = 3790*t**2 + 45*t + 1. Determine l(0).
1
Let y(p) = 1297*p**3 + 11673*p**2 - 7*p - 60. Determine y(-9).
3
Let m(f) = -147*f - 23693. Calculate m(-164).
415
Let s(l) = 7058*l + 77673. Calculate s(-11).
35
Let l(h) = -2*h**3 - 111*h**2 - 1403*h - 6533. What is l(-40)?
-13
Let v(t) = 2*t**2 + 681*t - 344793. What is v(-619)?
-10
Let m(d) = 8*d**2 + 51*d + 291. What is m(-6)?
273
Let p(b) = b**2 + 1201*b + 352599. Determine p(-511).
9
Let o(c) = 7*c**2 - 333*c + 6500. Calculate o(22).
2562
Let c(k) = -k**3 - 4*k**2 - 98*k - 84. Give c(-8).
956
Let z(n) = 7*n**2 - 1445*n + 7653. Calculate z(201).
15
Let h(j) = -1247*j + 28680. What is h(23)?
-1
Let n(u) = 4661*u - 18473. Calculate n(3).
-4490
Let g(v) = 3*v**3 - 363*v**2 + 374*v - 1641. Calculate g(120).
39
Let o(x) = -27577*x - 386959. What is o(-14)?
-881
Let o(g) = g**3 + 266*g**2 + 1813*g + 15. What is o(-7)?
15
Let h(i) = 5*i**3 + 1078*i**2 - 4386*i - 25. Calculate h(4).
-1
Let d(w) = 7*w**3 + 148*w**2 + 32*w + 491. Give d(-22).
-3117
Let u(k) = 7*k**3 + 82*k**2 + 105*k + 1560. Determine u(-12).
12
Let g(w) = -19*w**3 + 170*w**2 + 9*w - 81. Calculate g(9).
-81
Let w(q) = -q**2 - 22*q - 252. Give w(-38).
-860
Let r(j) = 122*j**2 - 1593*j - 1625. Determine r(14).
-15
Let d(c) = -c**3 - 75*c**2 - 1534*c - 94911. Give d(-72).
-15
Let y(l) = l**3 + 442*l**2 - 4484*l + 16253. What is y(-452)?
-19
Let j(g) = -233*g + 5162. What is j(23)?
-197
Let y(l) = -1765*l + 47674. Calculate y(27).
19
Let z(p) = 57*p**2 - 3561*p - 36669. Determine z(-9).
-3
Let h(l) = -16813*l + 2404387. What is h(143)?
128
Let h(s) = -2294*s + 18429. Give h(8).
77
Let y(w) = -w**3 + 316*w**2 + 228050*w - 3305. What is y(661)?
0
Let p(d) = 177*d**2 - 1077*d + 1474. Determine p(4).
-2
Let p(u) = u**2 + 414*u - 8660. What is p(20)?
20
Let c(h) = h**3 - 51*h**2 - 191*h + 115. Calculate c(-4).
-1
Let v(s) = -5*s**3 - 76*s**2 + 26*s - 59. Calculate v(-15).
-674
Let n(g) = -81*g**2 - 21708*g + 15. Calculate n(-268).
15
Let f(j) = -1416*j - 38201. What is f(-27)?
31
Let s(c) = 2*c**3 + 33*c**2 + 24*c + 169. What is s(-5)?
624
Let t(s) = s**3 + 24*s**2 - 3676*s - 1030. Determine t(50).
170
Let z(c) = 234*c + 4041. What is z(-16)?
297
Let j(n) = n**3 + 10*n**2 - 307*n - 2296. Determine j(-7).
0
Let c(p) = -625*p**2 - 150*p + 2. What is c(-1)?
-473
Let k(j) = -3*j**2 - 2268*j + 108111. Determine k(45).
-24
Let g(v) = 3*v**2 - 303*v - 147667. Calculate g(-177).
-49
Let i(u) = -4*u**3 - 121*u**2 - 99*u - 2029. Determine i(-30).
41
Let r(b) = 239*b - 104524. Give r(438).
158
Let l(q) = q**2 - 55*q - 5250. Determine l(-50).
0
Let u(j) = -j**2 - 1258*j + 344011. What is u(231)?
52
Let t(h) = 6*h**3 - 242*h**2 - 179*h + 622. Give t(41).
7
Let a(m) = -500*m + 30919. What is a(62)?
-81
Let d(s) = -1102*s**2 - 2237059*s + 2029. Give d(-2030).
-1
Let x(d) = -4*d**2 + 181*d - 847. Give x(5).
-42
Let j(a) = a**2 - 117*a - 1019. Give j(-8).
-19
Let u(w) = -8*w**2 - 50645*w - 151937. Give u(-3).
-74
Let o(a) = -8*a**3 - 5*a**2 + 1040*a + 2060. Give o(-2).
24
Let c(v) = v**3 - 29*v**2 + 2068*v - 54454. Give c(27).
-76
Let p(n) = -2*n**2 - 202*n - 3860. Calculate p(-50).
1240
Let c(m) = -369*m**2 - 989*m + 1943. What is c(-4)?
-5
Let g(h) = -9293*h - 1477595. Calculate g(-159).
-8
Let x(p) = 771*p + 144960. What is x(-188)?
12
Let g(y) = -83887*y - 2684416. What is g(-32)?
-32
Let f(p) = -390*p + 9376. Calculate f(22).
796
Let z(a) = -38*a**2 + 2238*a + 115. Give z(59).
-121
Let y(v) = -187*v**2 - 1439*v + 420. What is y(-8)?
-36
Let b(y) = 12*y**2 + 292*y - 1644. Calculate b(-27).
-780
Let s(d) = d**3 + 64*d**2 + 313*d + 786. Give s(-59).
-276
Let c(v) = -3*v**3 + 409*v**2 - 9571*v + 5. Calculate c(30).
-25
Let p(w) = -w**2 + 880*w + 1762. Determine p(-2).
-2
Let s(u) = -337*u**2 - 3449*u - 434. What is s(-10)?
356
Let d(c) = 62*c**3 + 2*c**2 - 87*c + 1. Give d(4).
3653
Let r(o) = o**3 - 17*o**2 - 110*o + 1194. Determine r(12).
-846
Let m(l) = -12668*l - 443369. Give m(-35).
11
Let d(w) = 18*w**3 + 8*w**2 + 20290*w + 40559. Give d(-2).
-133
Let p(r) = -1118*r**2 - 508*r - 511. What is p(-1)?
-1121
Let n(o) = -o**3 + 920*o**2 - 2749*o - 1857. Give n(917).
-23
Let g(k) = 2*k**2 + 1945*k + 2594. Determine g(0).
2594
Let t(s) = s**2 - 165*s + 5405. Determine t(46).
-69
Let q(w) = w**2 + 2156*w - 105402. Give q(48).
390
Let g(u) = 170*u**2 + 7158*u - 6521. Calculate g(-43).
15
Let z(l) = -70*l**3 - 165*l**2 - l - 25. What is z(-3)?
383
Let f(a) = -a**2 + 9530*a - 104699. What is f(11)?
10
Let k(l) = l**2 + 228*l - 8598. Calculate k(33).
15
Let o(n) = n**2 - 26777*n - 1153219. Calculate o(-43).
41
Let y(q) = -3*q**2 - 67*q - 606. What is y(26)?
-4376
Let n(a) = -31*a**3 + 1392*a**2 + 133*a + 97. Calculate n(45).
7
Let j(g) = -41*g**2 - 26946*g - 59602. Determine j(-655).
3
Let f(g) = 61*g**3 + 482*g**2 - 41*g - 4. Give f(-8).
-60
Let u(c) = 741320*c - 1482675. Calculate u(2).
-35
Let q(c) = 4*c**3 + 9*c**2 + 148*c + 800. What is q(-5)?
-215
Let h(v) = 5*v**2 + 140*v + 637. Determine h(-22).
-23
Let m(b) = -63*b + 1506. Determine m(21).
183
Let p(a) = -a**3 - 12*a**2 + 35*a + 166. Determine p(-4).
-102
Let u(v) = -58*v**2 + 1191*v - 4786. What is u(4)?
-950
Let n(r) = -27*r**2 - 80*r + 59. Determine n(8).
-2309
Let q(b) = -29790*b - 58796. Determine q(-2).
784
Let q(x) = 1769*x + 122071. Give q(-69).
10
Let i(j) = -j**3 - 168*j**2 + 351*j + 1144. Calculate i(-170).
-726
Let s(u) = -u**3 - 5*u**2 + 79391*u + 317578. Determine s(-4).
-2
Let h(s) = 28*s**2 - 800*s + 1208. What is h(27)?
20
Let g(o) = 1023*o + 173761. Determine g(-170).
-149
Let p(q) = q**3 - 34*q**2 + 2760*q - 89563. What is p(33)?
428
Let m(l) = 3188*l - 44688. Calculate m(14).
-56
Let y(t) = -41*t**2 + 112*t - 709. What is y(10)?
-3689
Let r(l) = 2*l**3 + 20*l**2 - 1566*l - 3202. What is r(-2)?
-6
Let o(y) = -48225*y + 5690549. Calculate o(118).
-1
Let b(a) = 153733*a - 153725. What is b(1)?
8
Let h(c) = 77137*c + 309008. Give h(-4).
460
Let g(k) = 49*k**2 - 3581*k - 54. Calculate g(73).
-346
Let a(i) = 202*i - 15246. Determine a(76).
106
Let g(n) = 183*n + 376. Determine g(-2).
10
Let h(d) = -67889*d - 475342. What is h(-7)?
-119
Let f(m) = -m**2 + 135*m - 4218. Determine f(112).
-1642
Let v(s) = 25649*s**2 - 359088*s + 32. Calculate v(14).
4
Let p(n) = -3*n**2 + 208*n + 122. Calculate p(69).
191
Let u(h) = -h**3 - 52*h**2 - 606*h - 29115. What is u(-50)?
-3815
Let d(g) = 2*g**2 - 677*g + 57268. Determine d(171).
-17
Let t(j) = 784*j - 286165. Determine t(365).
-5
Let u(m) = 178097*m + 10507726. Determine u(-59).
3
Let l(o) = o**3 - 14*o**2 + 92*o - 1949. Calculate l(16).
35
Let x(m) = m**2 - 166*m - 7930. Give x(205).
65
Let c(v) = 45630*v + 821389. Give c(-18).
49
Let x(n) = -1066*n - 122659. Give x(-115).
-69
Let s(g) = 12305*g - 135352. Give s(11).
3
Let p(z) = z**3 - 134*z**2 + 884*z - 296. Determine p(127).
-931
Let s(p) = -8*p**3 + 2928*p**2 + 5*p - 1750. Determine s(366).
80
Let p(u) = u**3 + 5*u**2 - 306*u - 2495. Give p(-10).
65
Let n(t) = -t**2 + 666*t - 14732. Calculate n(23).
57
Let s(l) = 9042*l + 117556. What is s(-13)?
10
Let d(n) = 26728*n - 160365. What is d(6)?
3
Let m(x) = -3*x**2 - 77*x - 379. Give m(-17).
63
Let l(t) = -259*t - 46539. What is l(-172)?
-1991
Let v(t) = t**3 + 6*t**2 - 189*t + 14. Calculate v(12).
338
Let t(u) = 353*u**2 - 661173*u + 7504. Calculate t(1873).
12
Let p(r) = 6*r**3 - 779*r**2 - 102*r - 3737. Calculate p(130).
-97
Let m(b) = 1755*b - 66508. Calculate m(40).
3692
Let l(j) = -54923*j + 384448. What is l(7)?
-13
Let k(p) = 3879*p + 104692. Determine k(-27).
-41
Let t(f) = -26*f**2 + 792*f + 3081. Determine t(34).
-47
Let h(r) = 32*r**2 - 197*r - 450. Calculate h(-2).
72
Let h(c) = -3*c**3 - 113*c**2 - 556*c - 359. Give h(-32).
25
Let z(l) = -3*l**3 + 1